 + 57. Suppose 0 = -5*f + l + 64. Calculate the remainder when 53 is divided by f.
11
Let z = 78 - 76. Suppose 250 = 7*q - z. Calculate the remainder when q is divided by 13.
10
Suppose -3075 = 13*c - 3127. Suppose -b - 2*r + 6 = 0, 6*b - r = 2*b + 33. What is the remainder when b is divided by c?
0
Suppose -m = -4*k - 92, -5*k + 293 = 2*m + m. Let g = m + -62. What is the remainder when 65 is divided by g?
31
Let b(r) = -3*r**3 - 3*r**2 - 2*r + 4. Let v be b(3). Let l be v + (0/(-4) - 3). Let t = 166 + l. Calculate the remainder when t is divided by 27.
26
Suppose 6 = 2*l - 3*u + 1, 3*l + u = 13. Suppose 0 = l*x + x - 85. Suppose -p = w - 9, -2*w - 2*p = p - 17. What is the remainder when x is divided by w?
7
Let i be 22 - (2/6 + 48/18). Let l(c) = -2*c + 42. What is the remainder when 6 is divided by l(i)?
2
Suppose 4 = -o - 0. What is the remainder when -26*(16/o)/4 is divided by 14?
12
Suppose 6 = 2*b + 4*h, h = 5*b + 4*h - 22. Calculate the remainder when 7 is divided by b.
2
Let z(j) = -j - 7. Let d be z(0). Let t = 12 + d. Calculate the remainder when 17 is divided by (-4)/2*t/(-2).
2
Let k(u) = -2*u**3 - 2*u**2 - u + 10. What is the remainder when ((-4)/(-2))/(1/19) is divided by k(0)?
8
Let p(d) = -55*d + 291. What is the remainder when 68 is divided by p(5)?
4
Let s(x) = -x**3 - 10*x**2 + 7*x - 18. What is the remainder when 48 is divided by s(-11)?
22
Let h(x) = x**3 - 6*x**2 + 5*x + 3. Calculate the remainder when h(6) is divided by (-2380)/(-833)*(-1)/((-2)/14).
13
Suppose 4*d - 268 = -0*d. What is the remainder when d is divided by 1*4*7/2*1?
11
Let g = 56 + -52. Suppose -v + 188 - g = 0. Calculate the remainder when v is divided by 62.
60
Suppose 0 = -18*d - 0 + 846. What is the remainder when 310 is divided by d?
28
Let r = 1362 + -1350. Calculate the remainder when 105 is divided by r.
9
Let k(f) = -47*f + 61. What is the remainder when 15 is divided by k(1)?
1
Suppose 0 = 5*j + 256 - 1161. Let l = -108 + j. Let y = l - 18. What is the remainder when y is divided by 19?
17
Let j(s) = -s**3 + 10*s**2 + 3*s - 3. Let h be (-1 - (1 - 1)) + 11. What is the remainder when j(h) is divided by 14?
13
Let v = -736 + 774. Calculate the remainder when v is divided by 20.
18
Suppose -a + 31 = -13. Let v be 44/(-66) + 82/6. Calculate the remainder when a is divided by v/1 + 4/2.
14
Let i(o) = -o**2 - 23*o - 13. Let c be i(-19). Let l = -42 + c. Suppose 174 = 5*v - l. Calculate the remainder when v is divided by 10.
9
Let n(a) = -2*a**3 - 5*a**2 - 30*a - 77. What is the remainder when n(-9) is divided by 96?
94
What is the remainder when (-26 + -1)*(-3 - -2) is divided by (3/(-9))/((-4 - -11)/(-294))?
13
Let y(z) = z**3 + 6*z**2 + 3*z + 1. Let s(i) = i**3 + 13*i**2 - 14*i - 4. Let c be s(-14). Calculate the remainder when y(c) is divided by 8.
5
Suppose -2*i = 4, -4*k - i + 2*i = -26. Let z(s) = k + 4 - 2*s + 2 + 0. What is the remainder when z(-14) is divided by 14?
12
Let m be 3/6*4/12*0. Calculate the remainder when 28 is divided by (120/(-160))/(m + (-2)/8).
1
Calculate the remainder when (-10)/(2/14*-1) is divided by (-1)/((-2)/(-1))*-38.
13
Let a(t) = -t**2 - 4*t - 10. Let k be a(-4). Let v = 8 - k. Suppose 0 = -i - 2*i + 159. What is the remainder when i is divided by v?
17
Suppose 3*b = -3*r + 6, -5*b = -2*r + 5 - 15. Suppose -b*a + 3 = -a. Suppose -a*y = -2*y - 7. Calculate the remainder when 12 is divided by y.
5
Let j = -379 - -414. Calculate the remainder when 64 is divided by j.
29
Let p(b) = 11*b**2 + 0*b**3 - 8*b - 12 - b**3 + 0*b**3. Suppose -72 = -5*w - 22. What is the remainder when 31 is divided by p(w)?
7
Suppose 4*z + 4*v = 36, 4*v = -2*z - 0*z + 20. Calculate the remainder when 15 is divided by z.
7
Let f = -86 + 38. Let v = -9 - f. What is the remainder when v is divided by 20?
19
Suppose 5 = -6*x + 5*x. What is the remainder when x + 59 + 3 - -1 is divided by 32?
26
Let n = 1 + 2. Let o be (-10)/25 + 291/15 + 2. Calculate the remainder when 1645/o + (-1)/n is divided by 16.
14
Let x = -5 - -5. Suppose 4*m - 40 + 0 = x. What is the remainder when 49 is divided by m?
9
Let j = -888 + 1770. Suppose -2*r = -9*r + j. What is the remainder when r is divided by 16?
14
Suppose 9*m - 14*m - 90 = 0. Let o be (9/m)/(1/168). What is the remainder when (-1812)/o + (-3)/(-7) is divided by 13?
9
Let d(i) = 33*i. Suppose -3*m + 3757 = 14*m. Let r = -209 + m. Calculate the remainder when d(1) is divided by r.
9
Suppose u = -2*u + 12. Calculate the remainder when 22/(-1*(1 - -1)/(-2)) is divided by u.
2
Let q = -101 - -105. Suppose q*p - 44 = -2*f - 3*f, 8 = 2*f. What is the remainder when 22 is divided by p?
4
Suppose 0 = -3*v + d + 8 + 3, -d + 1 = 3*v. Let g = v - -6. Let c(h) = h**2 + 5*h + 13. What is the remainder when c(-8) is divided by g?
5
Let w(k) = 5*k + 98. Let b(p) = 2*p + 33. Let s(n) = -11*b(n) + 4*w(n). Calculate the remainder when 12 is divided by s(10).
3
Suppose 4*x - b = 795, -4*x + 3*b = -7*x + 585. Let c = x - 89. What is the remainder when c is divided by 28?
25
Let s = -116 - -326. Suppose 3*p = 6*p + 5*x - 219, 2*x = -3*p + s. What is the remainder when p is divided by 23?
22
Suppose 3*m = 7*m - 20. Suppose -32 = 2*a - 4*k, 7 = 4*k - 1. Calculate the remainder when m is divided by (a/(-10))/((-24)/(-80)).
1
Suppose 0 = -4*t - 5*d + 141, 3*d = -2*t + 11 + 58. Let z(u) = -2*u**2 - 5. Let p be z(3). Let c = 33 + p. What is the remainder when t is divided by c?
9
Let n be (-4 - 5)*(-1)/1. Suppose 4*p - n = 67. Let k(u) = 3*u**2 - 4*u + 5. Calculate the remainder when k(4) is divided by p.
18
Suppose -3*v = n - 32, -3*v + 2*v + n + 8 = 0. Suppose -5*s + 5*q - 520 = -v*s, -2*s - 5*q = -214. What is the remainder when s is divided by 26?
24
Let d(r) = r**2 + 8*r + 6. Let j be d(-6). Let m = j - -31. Suppose m = -h + 6*h. Calculate the remainder when 13 is divided by h.
3
Let t = 206 - 187. Calculate the remainder when 73 is divided by t.
16
Let g(h) = h**2 + 3*h + 8. Suppose -2 = -2*u, -34 = -2*i + 5*u + 25. Calculate the remainder when i is divided by g(-4).
8
Let s be (3 + -3)*2/(-4). Suppose 3*v - 68 + 14 = s. Calculate the remainder when 3 - -47 - -1*3 is divided by v.
17
Suppose -4*w = -51 - 161. Suppose -4*k + w = g, -5*g - 26 = -k - 333. Calculate the remainder when g is divided by 9.
7
Suppose 0*g - g + 3*b + 70 = 0, -4*g = -4*b - 248. Suppose 0*p + 2*p = g. What is the remainder when (88 - (-4 + 4)) + -3 is divided by p?
27
What is the remainder when (0 - 5) + 71 + -1 is divided by 14?
9
Suppose 5*o - 15 = 2*q, -3*o + 4*o - 9 = q. Let m = -12 - q. What is the remainder when m/3 + 178/6 is divided by 16?
13
Let n be (-2)/(-4) + 3/(-2). Let q be (-5 - (n + -1))*3. What is the remainder when (q/(-3))/(2/18) is divided by 10?
7
Let h = 275 + -160. Suppose -2*z = 3*q - h, -18 = 2*z - 2*q - 118. What is the remainder when z is divided by 28?
25
Let r = -37 + 37. Suppose r = -7*v + 43 - 8. What is the remainder when 8 is divided by v?
3
Let f = 3 - -2. Suppose -4*o = -f*o + 1. What is the remainder when ((-399)/(-28))/(o/4) is divided by 15?
12
Suppose x - 295 = -3*s, -s - 4*s = 2*x - 586. What is the remainder when x is divided by 41?
37
Suppose -12*q - 317 + 1265 = 0. Calculate the remainder when q is divided by 32/10*55/11.
15
Suppose -h + 16 = 3. Let b = 210 + -164. What is the remainder when b is divided by h?
7
What is the remainder when ((-12)/(-10))/((-7)/(-875)) is divided by 22?
18
Let r = 0 + -1. Let g = 253 - 247. What is the remainder when g is divided by ((-2)/3)/(r/3)?
0
Let w(a) = 2*a**3 + 2*a**2 + a + 1. Let z be w(3). Suppose -5*h = -4*y + 304, -h = -y + 3*h + z. Calculate the remainder when y is divided by 26.
24
Suppose 3*i = -4*c + 92 - 16, i - 19 = -c. What is the remainder when 90 is divided by c?
14
Let o(u) be the first derivative of u**2/2 + 32*u + 12. Let p(q) = 10*q**2 + 2. What is the remainder when p(2) is divided by o(-10)?
20
What is the remainder when 26 is divided by (-272)/(-119) + (-64)/28 + 2?
0
Let j(n) = n**2 + n + 5. Let t(i) = -i - 2. Let f be t(-6). Let b = f - -25. Calculate the remainder when b is divided by j(-4).
12
Let q be (2/4)/(2/4). Suppose 3*g - 5 - q = 0. Let k = 2 - -3. What is the remainder when k is divided by g?
1
Let l = 661 - 498. Suppose 5*m = -3*i + 2